{"id":737,"date":"2024-03-15T18:37:05","date_gmt":"2024-03-15T18:37:05","guid":{"rendered":"https:\/\/hijosdelanoche.com\/?page_id=737"},"modified":"2024-03-15T18:37:06","modified_gmt":"2024-03-15T18:37:06","slug":"politica-de-privacidad-de-hijos-de-la-noche","status":"publish","type":"page","link":"https:\/\/hijosdelanoche.com\/index.php\/politica-de-privacidad-de-hijos-de-la-noche\/","title":{"rendered":"Pol\u00edtica de privacidad de Hijos de la noche"},"content":{"rendered":"\n<p>Fecha de vigencia: 15 de marzo de 2024<\/p>\n\n\n\n<p>Undercover Books Inc (\u00abnosotros\u00bb, \u00abnuestro\u00bb o \u00abnos\u00bb) opera el sitio web http:\/\/www.hijosdelanoche.com (en adelante, \u00abSitio\u00bb). Esta p\u00e1gina informa a los visitantes sobre nuestras pol\u00edticas en la recopilaci\u00f3n, uso y divulgaci\u00f3n de informaci\u00f3n personal si alguien decide utilizar nuestro Servicio.<\/p>\n\n\n\n<p>Si decides utilizar nuestro Servicio, est\u00e1s de acuerdo con la recopilaci\u00f3n y el uso de la informaci\u00f3n en relaci\u00f3n con esta pol\u00edtica. La informaci\u00f3n personal que recopilamos se utiliza para proporcionar y mejorar el Servicio. No usaremos ni compartiremos tu informaci\u00f3n con nadie, excepto seg\u00fan se describe en esta Pol\u00edtica de privacidad.<\/p>\n\n\n\n<h2 class=\"wp-block-heading\"><strong>Recopilaci\u00f3n y uso de la informaci\u00f3n<\/strong><\/h2>\n\n\n\n<p>Para una mejor experiencia mientras utilizas nuestro Servicio, es posible que te solicitemos que nos proporciones cierta informaci\u00f3n de identificaci\u00f3n personal, que puede incluir, entre otros, tu nombre, direcci\u00f3n de correo electr\u00f3nico y n\u00famero de tel\u00e9fono. La informaci\u00f3n que recopilamos se utilizar\u00e1 para contactarte o identificarte.<\/p>\n\n\n\n<h2 class=\"wp-block-heading\"><strong>Datos de registro<\/strong><\/h2>\n\n\n\n<p>Queremos informarte que, siempre que visites nuestro Sitio, recopilamos informaci\u00f3n que tu navegador nos env\u00eda. Estos datos de registro pueden incluir informaci\u00f3n como la direcci\u00f3n IP (Internet Protocol) de tu computadora, la versi\u00f3n del navegador, las p\u00e1ginas de nuestro Servicio que visitas, la hora y la fecha de tu visita, el tiempo que pasas en esas p\u00e1ginas y otros estad\u00edsticas.<\/p>\n\n\n\n<h2 class=\"wp-block-heading\"><strong>Cookies<\/strong><\/h2>\n\n\n\n<p>Las cookies son archivos con una peque\u00f1a cantidad de datos que se utilizan com\u00fanmente como identificadores \u00fanicos an\u00f3nimos. Estas se env\u00edan a tu navegador desde el sitio web que visitas y se almacenan en la memoria interna de tu dispositivo.<\/p>\n\n\n\n<p>Nuestro sitio web utiliza estas \u00abcookies\u00bb para recopilar informaci\u00f3n y mejorar nuestro Servicio. Puedes instruir a tu navegador para que rechace todas las cookies o te avise cuando se est\u00e9 enviando una cookie. Sin embargo, si no aceptas las cookies, es posible que no puedas utilizar algunas partes de nuestro Servicio.<\/p>\n\n\n\n<h2 class=\"wp-block-heading\"><strong>Proveedores de servicios<\/strong><\/h2>\n\n\n\n<p>Podemos emplear empresas y personas terceras para facilitar nuestro Servicio (\u00abProveedores de servicios\u00bb), para proporcionar el Servicio en nuestro nombre, para realizar servicios relacionados con el Servicio o para ayudarnos a analizar c\u00f3mo se utiliza nuestro Servicio.<\/p>\n\n\n\n<p>Estos terceros tienen acceso a tu informaci\u00f3n personal solo para realizar estas tareas en nuestro nombre y est\u00e1n obligados a no divulgarla ni utilizarla para ning\u00fan otro prop\u00f3sito.<\/p>\n\n\n\n<h2 class=\"wp-block-heading\"><strong>Seguridad<\/strong><\/h2>\n\n\n\n<p>Valoramos tu confianza al proporcionarnos tu informaci\u00f3n personal, por lo que nos esforzamos por utilizar medios comercialmente aceptables para protegerla. Sin embargo, recuerda que ning\u00fan m\u00e9todo de transmisi\u00f3n por Internet o m\u00e9todo de almacenamiento electr\u00f3nico es 100% seguro y confiable, y no podemos garantizar su seguridad absoluta.<\/p>\n\n\n\n<h2 class=\"wp-block-heading\"><strong>Enlaces a otros sitios<\/strong><\/h2>\n\n\n\n<p>Nuestro Servicio puede contener enlaces a otros sitios. Si haces clic en un enlace de un tercero, ser\u00e1s dirigido a ese sitio. Ten en cuenta que estos sitios externos no son operados por nosotros. Por lo tanto, te recomendamos encarecidamente que revises la Pol\u00edtica de privacidad de estos sitios web. No tenemos control ni asumimos responsabilidad alguna por el contenido, las pol\u00edticas de privacidad o las pr\u00e1cticas de sitios o servicios de terceros.<\/p>\n\n\n\n<h2 class=\"wp-block-heading\"><strong>Cambios en esta Pol\u00edtica de privacidad<\/strong><\/h2>\n\n\n\n<p>Podemos actualizar nuestra Pol\u00edtica de privacidad de vez en cuando. Por lo tanto, te recomendamos que revises esta p\u00e1gina peri\u00f3dicamente para conocer cualquier cambio. Te notificaremos cualquier cambio publicando la nueva Pol\u00edtica de privacidad en esta p\u00e1gina. Estos cambios son efectivos inmediatamente despu\u00e9s de que se publiquen en esta p\u00e1gina.<\/p>\n\n\n\n<h2 class=\"wp-block-heading\"><strong>Contacto<\/strong><\/h2>\n\n\n\n<p>Si tienes alguna pregunta o sugerencia sobre nuestra Pol\u00edtica de privacidad, no dudes en contactarnos a trav\u00e9s de correo electr\u00f3nico a <a href=\"mailto:ajsoifer@hijosdelanoche.com\">ajsoifer@hijosdelanoche.com<\/a><\/p>\n","protected":false},"excerpt":{"rendered":"<p>Fecha de vigencia: 15 de marzo de 2024 Undercover Books Inc (\u00abnosotros\u00bb, \u00abnuestro\u00bb o \u00abnos\u00bb) opera el sitio web http:\/\/www.hijosdelanoche.com (en adelante, \u00abSitio\u00bb). Esta p\u00e1gina informa a los visitantes sobre nuestras pol\u00edticas en la recopilaci\u00f3n, uso y divulgaci\u00f3n de informaci\u00f3n personal si alguien decide utilizar nuestro Servicio. Si decides utilizar nuestro Servicio, est\u00e1s de acuerdo [&hellip;]<\/p>\n","protected":false},"author":1,"featured_media":0,"parent":0,"menu_order":0,"comment_status":"closed","ping_status":"closed","template":"","meta":{"footnotes":""},"class_list":["post-737","page","type-page","status-publish","hentry"],"aioseo_notices":[],"jetpack_sharing_enabled":true,"_links":{"self":[{"href":"https:\/\/hijosdelanoche.com\/index.php\/wp-json\/wp\/v2\/pages\/737","targetHints":{"allow":["GET"]}}],"collection":[{"href":"https:\/\/hijosdelanoche.com\/index.php\/wp-json\/wp\/v2\/pages"}],"about":[{"href":"https:\/\/hijosdelanoche.com\/index.php\/wp-json\/wp\/v2\/types\/page"}],"author":[{"embeddable":true,"href":"https:\/\/hijosdelanoche.com\/index.php\/wp-json\/wp\/v2\/users\/1"}],"replies":[{"embeddable":true,"href":"https:\/\/hijosdelanoche.com\/index.php\/wp-json\/wp\/v2\/comments?post=737"}],"version-history":[{"count":1,"href":"https:\/\/hijosdelanoche.com\/index.php\/wp-json\/wp\/v2\/pages\/737\/revisions"}],"predecessor-version":[{"id":738,"href":"https:\/\/hijosdelanoche.com\/index.php\/wp-json\/wp\/v2\/pages\/737\/revisions\/738"}],"wp:attachment":[{"href":"https:\/\/hijosdelanoche.com\/index.php\/wp-json\/wp\/v2\/media?parent=737"}],"curies":[{"name":"wp","href":"https:\/\/api.w.org\/{rel}","templated":true}]}}